 25/(-10)*(-128)/10. Suppose -l = 2*o + 64. Let u = 82 + o. What is the remainder when u is divided by 18?
16
Let g = -178 + -69. Let d = 319 + g. What is the remainder when d is divided by 20?
12
Suppose -4*g + w = -3496, 70*g + 4395 = 75*g + 5*w. What is the remainder when g is divided by 73?
72
Let z(l) = -l**2 + 2*l - 3. Let k be z(0). Let q(m) = m + 14. Let n(w) = w**3 + 4*w**2 - 8*w + 5. Calculate the remainder when n(-5) is divided by q(k).
9
Suppose 5*k = 2*g + 24, -19 - 7 = -5*k + 3*g. Suppose 171 = k*s + 16*v - 11*v, v - 120 = -3*s. What is the remainder when 61 is divided by s?
22
Calculate the remainder when 4438 is divided by (71 - -3)/(8/16).
146
Let g(s) = -3*s**3 + s**2 + s + 24. What is the remainder when 1097 is divided by g(0)?
17
Suppose -14*t = 16*t - 570. Calculate the remainder when (148/(-12))/(1 - (-8)/(-6)) is divided by t.
18
Let p = 127 - 4. Let g = -107 + p. Calculate the remainder when 59 is divided by g.
11
Let q = 199 - 122. Calculate the remainder when 368 is divided by q.
60
Suppose -89*p - 5920 = -79*p. Let c = p - -607. What is the remainder when 253 is divided by c?
13
Let d(n) = -7*n - 3*n + 6*n - 2*n**2 - 9*n**2 - 3. Let w be d(-3). Calculate the remainder when (1 + 6/(-3))*w - 0 is divided by 32.
26
Suppose 5*r + b = 97, 0 = 2*r - 2*b - 33 - 25. What is the remainder when (-376)/(-1) - (1 - 2) is divided by r?
20
Let o be (-616)/44*(-3)/(-1). Calculate the remainder when 10 is divided by 58/7 - (0 - 12/o).
2
Suppose i + 13 = 5*c, 2*c + 2*c - 8 = 2*i. Suppose -3*r + 50 = c*z - 10, 0 = -z + 2*r + 8. Calculate the remainder when z is divided by 6.
4
Suppose -5*v - 220 = 3*l, -2*v = -5*l + 22 + 35. Let f = v + 41. Suppose 2*q = -c + 155, f*q + 3*c + 60 = q. What is the remainder when q is divided by 13?
10
Calculate the remainder when 483 is divided by (51*(-36)/20)/(30/(-150)).
24
Let y = 63 + -59. Suppose -2*r = -2, -r + y*r - 113 = -5*b. Calculate the remainder when 40 is divided by b.
18
Suppose -3*r + 3 = -2*o, o + 2*o = 3*r. Suppose 0 = 3*n - 5*g + 277, 5*n + 4*g + 783 - 272 = 0. Let k = -86 - n. What is the remainder when k is divided by r?
1
Let r be (-470 - 0/(-5))/(-2). Suppose 0 = 5*c + 2*u - r, 4*c - 108 = 2*c + 2*u. What is the remainder when c is divided by 18?
13
Let z(o) = 2*o**2 - 165*o - 232. What is the remainder when 708 is divided by z(85)?
129
Let t = 0 + 0. Suppose t*z - 141 = -3*z. Suppose 924 = -10*g + 37*g - 1833 - 1023. Calculate the remainder when g is divided by z.
46
Suppose 2*f = -0*f + 128. Suppose 144*x - 1748 = 2572. What is the remainder when f is divided by x?
4
Let z(v) = 1268*v - 7547. Suppose 11 = 3*g - 7. Let o = g - -26. What is the remainder when z(6) is divided by o?
29
Suppose -3*m + 15 = 0, 5*m = 4*t - 2352 - 1855. Suppose -3*h = -5*w - 0*w - 805, 4*h + w = t. What is the remainder when h is divided by 19?
18
Suppose 3*j - 7 = 2*t, -3*t = j - 4 - 2. Suppose -2*k - j*k + 85 = 0. Let a = -14680 - -14684. What is the remainder when k is divided by a?
1
Let n be (-1 - 0)*(2 + 1 - 5). Suppose -18*y + 89 = n*v - 15*y, -v = 2*y - 47. Calculate the remainder when v is divided by (-20)/(-110) - 106/(-22).
2
Let k = 205 - 142. What is the remainder when 4/(-8)*-2 + 242/1 is divided by k?
54
Suppose -6*r - 1650 - 10014 = -150*r. What is the remainder when 82 is divided by r?
1
Suppose 5993 = 200*o - 13207. Calculate the remainder when 2396 is divided by o.
92
Let j be ((-128)/(-5))/((-2)/(-10)). Let f = -888 - -888. Suppose f = 5*n - 233 + j. What is the remainder when 60 is divided by n?
18
Suppose -5*p = 3*k - 141, 5*p - 23 - 136 = 3*k. What is the remainder when 196 is divided by p?
16
Let j(i) = -3*i**3 + 96*i**2 - 9*i + 307. Let u(a) = 4 + a - 7*a - a**2 + 1. Calculate the remainder when j(32) is divided by u(-6).
4
Let t(b) = b**2 - 12*b - 145. Let d(l) = 5*l**2 + 47*l - 94. Let j be d(2). What is the remainder when 54 is divided by t(j)?
9
Suppose 0 = -15*a + 5950 + 8680 + 2335. What is the remainder when a is divided by 57?
48
Suppose -12243 = -118*o + 97*o. What is the remainder when o is divided by 13?
11
Suppose 738 - 18 = -20*a. What is the remainder when 159 is divided by -1 + a*(-2)/3?
21
Suppose -147 = -3*v + 10*l - 9*l, 7*v - 345 = 2*l. Calculate the remainder when 113 is divided by v.
11
Let w = -6039 - -6047. Calculate the remainder when 5038 is divided by w.
6
Let a(r) = 13*r**2 - 3*r - 8. Calculate the remainder when a(7) is divided by -18 - -43 - (-12)/(-3).
20
Suppose 3*f = 2*j + 83 + 8, 4*f - 105 = 5*j. Calculate the remainder when 27927 is divided by f.
32
Let s(l) = l**3 + 18*l**2 - l - 18. Let b be 6*(-5)/5*3. Let c be s(b). What is the remainder when 19 is divided by (1 + -2)*-4 + c?
3
Suppose 0 = 5*k - 1382 + 162. Suppose -2*q = -5*y - 1497, 4*y = -q + k + 472. Suppose 0 = -13*c + 655 + q. Calculate the remainder when c is divided by 28.
23
Let z = 177 + -149. Suppose -150*f = -143*f - z. What is the remainder when f is divided by 4?
0
Calculate the remainder when 8818 is divided by (-27 - -12)/(228/24 - 11).
8
Suppose 10*b - 2*b = 1632. Let a = b - 197. What is the remainder when 57 is divided by a?
1
Let j = -15 - -16. Let k be (0/j)/(-2 - 1). Suppose -4*u + 4*x + 148 = k, u + 0*u + 4*x - 22 = 0. Calculate the remainder when u is divided by 12.
10
Suppose 0 = 78*w - 76*w + f - 15896, -3*w - f + 23843 = 0. What is the remainder when w is divided by 15?
12
Let j = -623 + 621. Let m = 88 + -61. What is the remainder when -6 + (-30)/(-6) + (133 - j) is divided by m?
26
Let w = -11515 - -12095. What is the remainder when w is divided by 2?
0
Let a(h) = 3*h**3 - h**2 - 8*h + 80. Calculate the remainder when a(0) is divided by 29.
22
Suppose -210*y = -31*y + 63*y - 118338. What is the remainder when y is divided by 24?
9
What is the remainder when 376 is divided by 82 + -90 - (0 - -86)*-1?
64
Let b(q) = 298*q + 11361. What is the remainder when 2708 is divided by b(-38)?
7
Suppose -240 + 109 = -m. What is the remainder when m is divided by (2 - 26)*(-4)/(4 + 4)?
11
Let s = 16 + 11. Let b(o) = 2*o**3 - 2*o**2 + 5*o + 2. Let f be b(3). Let m = 63 - f. What is the remainder when s is divided by m?
7
What is the remainder when 3517 is divided by (28/(-105))/(4/3) + (-256)/(-5)?
49
Let u be ((-1855)/(-45) - 4) + (-6)/27. Let v = 10 + u. Let m = 21 - -213. Calculate the remainder when m is divided by v.
46
Suppose 5*m + 10 = 0, 4*c - m = m + 160. Let t(y) = -y + 25. Let h be t(0). Let l = c - h. Calculate the remainder when 41 is divided by l.
13
Let p(v) = v**2 + 7. Let w be p(0). Suppose -s - w = 2*k - 3*k, -5*k = -4*s - 33. Calculate the remainder when (7/21)/(s - 278/(-138)) is divided by 8.
7
Let l(n) = 142*n + 136. Calculate the remainder when l(5) is divided by 34.
30
Suppose -2*v - 3*g + g + 64 = 0, -86 = -3*v + 2*g. Calculate the remainder when (-11 + (-3992)/(-16))*2 is divided by v.
27
Let g = 19675 - 19626. What is the remainder when 3524 is divided by g?
45
Suppose 2*c = 4*q - 4176, 5*c - 2088 = 10*q - 12*q. What is the remainder when q is divided by 11?
10
Suppose -h + 2*h - 8 = 0. Suppose h*u + u - 6*u = 0. Suppose -2*k + 2*r - 48 = -4*k, 2*r - 8 = u. Calculate the remainder when 79 is divided by k.
19
Let p(c) = c**3 - c**2 - 7*c + 3. Suppose -22643 = -1671*g + 50881. Calculate the remainder when p(5) is divided by g.
24
Suppose -3*c + 60 = 2*c. Let f(n) = -7*n - 295. Let d be f(-25). Calculate the remainder when (-2490)/d - ((-15)/12 + 1) is divided by c.
9
Let b = -155 + 566. Suppose -12*l - b = -1491. What is the remainder when l is divided by 28?
6
Let d = 13613 - 9762. What is the remainder when d is divided by 11?
1
Suppose -12*m = -25*m + 260. Suppose 4*y - 36 = -k + m, -k = -2*y - 86. Calculate the remainder when k is divided by 13.
11
Let r be 2/(-6) + (-26)/39. Let q = 653 - 642. Calculate the remainder when 63/(-7)*(r - 5) is divided by q.
10
Let g(x) = -289*x - 1. Calculate the remainder when g(-1) is divided by 21/(357/935) - -19.
66
Suppose 65*i + u = 61*i + 95, -5*u = 4*i - 75. What is the remainder when 2427 is divided by i?
2
Let g(o) = -4*o + 44. Let k(f) = 2*f**2 + 25*f - 9. Let h be k(-13). Calculate the remainder when 444/8*4/2 is divided by g(h).
27
Suppose -36 = -8*f + 52. Let h = f - 7. Suppose h*j - 34 = 2*j. Cal